{"id":165,"date":"2024-08-19T16:41:50","date_gmt":"2024-08-19T14:41:50","guid":{"rendered":"https:\/\/velomix.fr\/?page_id=165"},"modified":"2024-09-09T15:00:25","modified_gmt":"2024-09-09T13:00:25","slug":"inscription","status":"publish","type":"page","link":"https:\/\/velomix.fr\/index.php\/inscription\/","title":{"rendered":"Inscription"},"content":{"rendered":"\n<h3 class=\"wp-block-heading has-pale-pink-color has-text-color has-link-color wp-elements-bc9b8d462e42d5018e4bcbac28816c46\">Les inscriptions sont ferm\u00e9es.<\/h3>\n\n\n\n<p class=\"has-black-color has-text-color has-link-color wp-elements-f3b619ececea738c89af775302e310a7\">Vous \u00eates invit\u00e9.e \u00e0 la soir\u00e9e de cl\u00f4ture le mardi 17 septembre \u00e0 partir de 18h30 au <a href=\"https:\/\/lefutoir.fr\/\">F\u00fbtoir<\/a> pour d\u00e9couvrir les projets.<\/p>\n\n\n\n<p><\/p>\n","protected":false},"excerpt":{"rendered":"<p>Les inscriptions sont ferm\u00e9es. Vous \u00eates invit\u00e9.e \u00e0 la soir\u00e9e de cl\u00f4ture le mardi 17 septembre \u00e0 partir de 18h30 au F\u00fbtoir pour d\u00e9couvrir les projets.<\/p>\n","protected":false},"author":1,"featured_media":0,"parent":0,"menu_order":0,"comment_status":"closed","ping_status":"closed","template":"","meta":{"footnotes":""},"class_list":["post-165","page","type-page","status-publish","hentry"],"_links":{"self":[{"href":"https:\/\/velomix.fr\/index.php\/wp-json\/wp\/v2\/pages\/165","targetHints":{"allow":["GET"]}}],"collection":[{"href":"https:\/\/velomix.fr\/index.php\/wp-json\/wp\/v2\/pages"}],"about":[{"href":"https:\/\/velomix.fr\/index.php\/wp-json\/wp\/v2\/types\/page"}],"author":[{"embeddable":true,"href":"https:\/\/velomix.fr\/index.php\/wp-json\/wp\/v2\/users\/1"}],"replies":[{"embeddable":true,"href":"https:\/\/velomix.fr\/index.php\/wp-json\/wp\/v2\/comments?post=165"}],"version-history":[{"count":5,"href":"https:\/\/velomix.fr\/index.php\/wp-json\/wp\/v2\/pages\/165\/revisions"}],"predecessor-version":[{"id":296,"href":"https:\/\/velomix.fr\/index.php\/wp-json\/wp\/v2\/pages\/165\/revisions\/296"}],"wp:attachment":[{"href":"https:\/\/velomix.fr\/index.php\/wp-json\/wp\/v2\/media?parent=165"}],"curies":[{"name":"wp","href":"https:\/\/api.w.org\/{rel}","templated":true}]}}

<h3 class="wp-block-heading has-pale-pink-color has-text-color has-link-color wp-elements-bc9b8d462e42d5018e4bcbac28816c46">Les inscriptions sont fermées.</h3>



<p class="has-black-color has-text-color has-link-color wp-elements-f3b619ececea738c89af775302e310a7">Vous êtes invité.e à la soirée de clôture le mardi 17 septembre à partir de 18h30 au <a href="https://lefutoir.fr/">Fûtoir</a> pour découvrir les projets.</p>



<p></p>

<p>Les inscriptions sont fermées. Vous êtes invité.e à la soirée de clôture le mardi 17 septembre à partir de 18h30 au Fûtoir pour découvrir les projets.</p>
